 d.
14
Suppose 3*v = -2*v + 95. Suppose -46*j + 50*j = 72. Suppose v = j*t - 17*t. Calculate the greatest common factor of 171 and t.
19
Let g(o) = -20*o - 268. Let n be g(-16). Suppose w - 5*t = -3*w + 1261, 5*t - 15 = 0. Suppose -w = -3*c - 85. What is the greatest common factor of c and n?
26
Suppose 89*i - 51*i - 597 = -65. Let q = -25 - -15. Let d = q + 17. What is the greatest common divisor of i and d?
7
Let w(z) = 12*z. Let f be w(3). Suppose -108 - 159 = 21*t - 351. What is the greatest common factor of t and f?
4
Let a = 164 - 111. Let o be -212*((-15)/4 - -1). Calculate the highest common factor of a and o.
53
Let c = 4592 + -3582. What is the greatest common divisor of c and 30?
10
Suppose -l + 30917 = 53*w - 51*w, -5 = -l. Calculate the highest common factor of w and 138.
138
Suppose 2*g + x = 50 - 39, 0 = -3*g + 4*x. Let f = 3 + -3. Suppose 2*h - 77 = -5*j, -71 = -2*h + j - f*j. Calculate the highest common divisor of h and g.
4
Let x(t) = -79*t**2 + 8*t - 38. Let l be x(4). Let a = l + 2170. What is the greatest common factor of a and 36?
36
Let m(z) = -163*z + 2591. Let v be m(14). What is the greatest common factor of 2678 and v?
103
Suppose 0 = -18*c - 161 - 19. Let i be (168/c)/(2 + (-48)/20). What is the highest common factor of 147 and i?
21
Let f(p) = -8*p - 320. Let n be f(47). Let d = -582 - n. What is the highest common divisor of 152 and d?
38
Suppose 160 = 2*l - 5*a, -3*l + 261 = -17*a + 13*a. Let g = 129 - 69. Let m = -41 + g. What is the highest common divisor of m and l?
19
Let n = 452 + -412. Suppose -4*d + 2224 = -0*u - 4*u, -3*u = d - 572. Suppose -3*y = -5*y + d. What is the greatest common factor of n and y?
40
Suppose -2*r + 36 = 4*k, 26*r = -5*k + 30*r + 58. Calculate the greatest common divisor of 955 and k.
5
Suppose -78*s + 88*s - 198850 = 0. Calculate the greatest common divisor of s and 82.
41
Suppose -2*q + 3*s + 5750 = 0, -2 = s + 2. Suppose -2*z - 5*p = -1338, -5*p = -3*z + q - 887. What is the greatest common factor of z and 83?
83
Let r = 288 + -121. Let a = r - 134. Calculate the highest common factor of 3 and a.
3
Suppose -2485 = -13*j - 548. Suppose 7*m - j = -72. Calculate the greatest common factor of m and 88.
11
Suppose 3*m - 4*m = -168. Let n(s) = s - 6. Suppose -10*f + 5*f - 5*z + 75 = 0, -2*z - 70 = -3*f. Let t be n(f). What is the highest common divisor of m and t?
14
Let x(d) = 4*d**3 - 4*d**2 + 4*d + 4. Let r be 8/14*49/14. Let w be x(r). Calculate the greatest common divisor of 28 and w.
28
Suppose 2*t + 4*s = -14, 8*t - 3*t = 3*s + 30. Suppose -y - 4*p = -65, -6*y - p + 151 = -t*y. What is the greatest common factor of y and 735?
49
Suppose -2*m + 5*i = 46, -5*m - 40 - 109 = -4*i. Let q = m + 89. Let r = 631 + -239. What is the greatest common factor of r and q?
56
Let x = -19117 - -19319. Calculate the greatest common divisor of 24139 and x.
101
Suppose -n + 8 = 0, 63*n - 84*n = c - 266. Calculate the greatest common factor of c and 1498.
14
Let y(c) = -4*c**2 - 152*c - 248. Let g be y(-34). Calculate the highest common factor of g and 1628.
148
Let a be -16 + 41 + -23 - -30. Suppose -4*n + 4*j + 114 = -62, -n - 5*j = -20. Calculate the greatest common factor of a and n.
8
Let z(w) = -w**3 + 56*w**2 - 51*w - 199. Let i be z(55). Calculate the highest common divisor of 2408 and i.
7
Suppose 4*p = -3*w + 212, -w - 3*w - 6*p + 284 = 0. Suppose 15*z - 612 = 9*z. What is the highest common divisor of w and z?
34
Let y be (448/80)/(-2 + (-42)/(-20)). Suppose 8*p - y = p. What is the highest common divisor of p and 1?
1
Let n = 2674 - 1403. What is the highest common divisor of n and 31?
31
Let m = -5 - -10. Let b(u) = u**3 - 5*u**2 + 3*u - 5. Let s be b(m). Suppose -s*c + 11*c = 40. Calculate the greatest common divisor of c and 16.
8
Suppose n - 38 = -3*n + 2*x, -27 = -n - 3*x. Let w be (-7)/1 - (-22 - n). Suppose 5*z + 5*f = 10, -4 = f - 3. What is the highest common factor of z and w?
3
Suppose 8*j - 5*j - 72 = -4*l, -109 = -5*j - 3*l. What is the greatest common divisor of j and 1460?
20
Let z(m) = -m**3 - 2*m**2 - 14*m - 11. Let u be z(5). Let t = -171 - u. What is the highest common factor of t and 17?
17
Let y be 5*(-30)/(-25) - (1 + 3). Calculate the highest common factor of y and 137.
1
Suppose t + 3*u - 1438 = -3*t, -1813 = -5*t + 4*u. Suppose -372*o + 3410 = -t*o. What is the highest common divisor of o and 10?
10
Suppose -2*s + 690 = 4*q + 122, 0 = -q - 2*s + 136. Calculate the greatest common factor of 4716 and q.
36
Let a be 9/(((-3600)/(-32))/25). Calculate the greatest common divisor of 1038 and a.
2
Suppose -b + 2676 = 5*b. Let g = b + -150. Calculate the greatest common divisor of g and 37.
37
Let i(z) = -3*z + 113. Let a be i(32). Suppose 116 = 2*b + 3*d, 5*b + a*d - 22*d = 240. What is the greatest common factor of b and 312?
52
Let f(m) = -209*m - 152. Let x be f(-5). Let u = x + -711. Calculate the highest common factor of u and 130.
26
Let r(c) = -85*c + 1614. Let i be r(18). What is the highest common factor of i and 140?
28
Let y be (-1)/(3*(-4)/24). Suppose 5*i + 10 = -y*x + 190, 5*x = -3*i + 108. Calculate the greatest common divisor of 12 and i.
12
Let k be (13 + -7)*(-3)/(-6). Suppose -n + 193 = -3*h - 24, k*n - 633 = 3*h. What is the highest common divisor of n and 16?
16
Suppose 5*s - 2627 = 8*t - 6*t, t = -s + 531. What is the greatest common factor of s and 425?
17
Let w(l) = -l**3 + 14*l**2 - l - 15. Let t be w(10). Let k = 409 - t. What is the highest common factor of 85 and k?
17
Suppose 0 = 2*w - 12 - 16. Suppose 133 = -y - 2*h, -3*y + 3*h - 401 = 8*h. Let f = y - -165. What is the highest common factor of f and w?
14
Let w be (41680/15)/(826/(-105) - -8). Calculate the greatest common divisor of 40 and w.
40
Suppose 4*c - 231 = -3*h, 2*c + 9*h = 13*h + 132. What is the greatest common factor of c and 2430?
30
Let r = 143 - -27. Let q = r - -64. Calculate the greatest common factor of q and 26.
26
Suppose -5*g - 18*d = -15*d - 93, 2*g + 2*d - 38 = 0. What is the highest common factor of 4338 and g?
18
Let w(q) = 6*q**2 - 16*q - 6. Suppose 91*z - 93*z = -8. Let f be w(z). What is the highest common factor of 91 and f?
13
Suppose 23*s = -144*s + 48096. Calculate the highest common factor of 140 and s.
4
Suppose 667 = 9*z - 1061. Suppose 2*d - 3*k - 163 = 0, 89*k - 84 = -d + 93*k. What is the greatest common divisor of z and d?
16
Let w be ((-2)/3)/((-32)/9072). Let h be 3*3/9*(42 - 15). Calculate the highest common divisor of h and w.
27
Let c(a) = -17*a - 33 + 54 - 12*a + 3*a**2 + 58. Let z be c(3). What is the greatest common divisor of z and 494?
19
Suppose -5*m - 56*k + 60*k + 336 = 0, 2*k + 8 = 0. Calculate the greatest common divisor of m and 2256.
16
Let i = -97 + 162. Let c(x) = x**3 + 45*x**2 - 54*x - 108. Let v be c(-46). What is the highest common divisor of i and v?
65
Let x be 26/3 - -2 - 6/(-18). Suppose -x*j + j + 170 = 0. Suppose -2*s = -f - 0*s + 26, j = f + s. What is the highest common factor of 20 and f?
20
Let t = -4 + 4. Let q be (t - -1)/(1*3/48). Suppose 0 = -0*m - m + 4*p + q, -3*p = 2*m - 21. What is the greatest common factor of m and 30?
6
Let k be ((-345)/460)/((-3)/36). What is the highest common factor of k and 321?
3
Let t be 32 + 1 + 4/(-4). Let o be 213 + ((-5)/7)/((-180)/(-1260)). What is the highest common divisor of o and t?
16
Suppose 15*b - 12*b + 3 = 0. Let v be (2 + (-30)/12)*(b + -103). What is the highest common factor of v and 338?
26
Suppose -z - 50*u = -53*u - 22, -5*z - 24*u = 124. Suppose 5*h - 3*i = 12, -i - 4*i = 4*h + 20. Let o = 1 - h. Calculate the greatest common factor of z and o.
1
Suppose 0 = -13*c - 17*c + 60. Suppose -49*g - c*g + 3366 = 0. Calculate the greatest common factor of g and 374.
22
Suppose -28*y - 67*y = 26*y - 218889. What is the highest common factor of 67 and y?
67
Let w = 14205 + -14167. What is the highest common factor of 27493 and w?
19
Suppose -5*h = -4*l + 3*l - 20, 5*h = -5*l + 50. Suppose 3*f - 19 - 35 = 3*v, -l*f + 3*v + 96 = 0. Calculate the greatest common divisor of f and 399.
21
Let y(a) = 5*a**3 - 17*a**2 - 18*a - 9. Let b be y(6). What is the greatest common factor of 108 and b?
27
Let v = -36 + 95. What is the greatest common divisor of v and 3599?
59
Let n = 